- 1. Let l(m) = 6*m**2 + 116*m - 79. Let n be l(-21). Let u = r + n. List the prime factors of u.
71
Suppose -2*d = -4*p + 2*p - 372, -3*p = 3*d + 576. Let i = p + 403. What are the prime factors of i?
2, 107
Let g(u) be the second derivative of 11*u**5/2 - u**3/6 + u. Let o be 90/150*(0 + 15/9). What are the prime factors of g(o)?
109
Let b = -10435 - -17541. What are the prime factors of b?
2, 11, 17, 19
List the prime factors of ((-2112)/(-8))/(-22) - -44729.
97, 461
Let r = -5031 - -10384. List the prime factors of r.
53, 101
Let z(c) = c**2 - 17*c + 23. Let d be z(13). Let y = d + 26. List the prime factors of (((-639)/y)/3)/1.
71
Suppose 98 - 82 = 2*t. Suppose t*j - 725 - 723 = 0. List the prime factors of j.
181
Let q be (36/90)/(2/(-180)). Let j be ((-24)/q)/((-2)/(-12)). Let o(r) = 8*r**2 + 5*r - 11. List the prime factors of o(j).
137
Let f = 68 - 39. Suppose -11 = b - f. Suppose 0 = 6*u - 9*u - 3*m + 12, 3*u - b = -m. What are the prime factors of u?
7
Suppose -322316 - 342224 = -27*n - 151324. What are the prime factors of n?
2, 3, 11
Let q(k) = k + 1. Let v(y) = 29*y + 25. Let f(w) = -4*q(w) + v(w). Let o be f(7). Let j = 321 - o. What are the prime factors of j?
5
Let t(d) = 10*d**3 + 10*d**2 - 15*d - 9. Let f = 272 - 268. What are the prime factors of t(f)?
17, 43
Suppose 55 = 4*b + d - 23, 5*b + 5*d = 90. Let r be 4/4*(-348)/1. List the prime factors of r/(-5) + 8/b.
2, 5, 7
Let n be -3 + 3 - (-4 + 1). Suppose 0*a = -a + 1, -94 = -3*v - a. Suppose -n*x = -4*x + v. What are the prime factors of x?
31
Suppose 498*t = 504*t - 297450. List the prime factors of t.
3, 5, 661
Let z be (-5 + ((-975)/(-2))/5)*2. List the prime factors of (-26)/10*(-70 - z).
3, 13, 17
List the prime factors of 6806/21 + 356/(-3738).
2, 3
Suppose -8*s = 4*t - 12*s - 8, 0 = -3*t - s + 14. Suppose 0 = 5*q - o - 1864, 2*o = -4 - t. List the prime factors of q.
2, 3, 31
Let c(h) be the first derivative of 4*h**3/3 + 11*h**2 + 69*h - 85. What are the prime factors of c(-13)?
3, 17
Let q be 0/(-2) + 448 + -5. Let l = q + 20. What are the prime factors of l?
463
Let c(o) = 99*o + 96*o - 21 + 62*o. What are the prime factors of c(2)?
17, 29
Let h = -33 - -33. Let q be 2*(-18)/12 + (5 - h). What are the prime factors of 226/8 - 7*q/56?
2, 7
List the prime factors of (4*1*9901/16)/((-3)/(-12)).
9901
Let k(d) = 1217*d**2 + 474*d + 3309. List the prime factors of k(-7).
2, 29, 257
Suppose -235785 = -5*m - i, 4*m - 274499 = -4*i - 85887. List the prime factors of (-2)/7 - m/(-266).
3, 59
Suppose -443*n - 130845 = -476*n. List the prime factors of n.
5, 13, 61
Let m = 21145 + -13461. List the prime factors of m.
2, 17, 113
Suppose 0 = 5*x - 3*x + 24. Let d = 353 - x. Let r = d + -140. List the prime factors of r.
3, 5
Suppose 12151 = 44*a - 782135 - 193030. What are the prime factors of a?
19, 1181
Let n = -496 - -504. What are the prime factors of 15*n/20 - -651?
3, 73
Suppose 7*r = 76480 + 31313. List the prime factors of r.
3, 29, 59
Suppose -3*k = -9, -5*g - 5*k + 19 = -21. Let d(u) = 5*u**3 + g*u**3 - 6*u**2 + u + 1 - 9*u**3 + 0*u**3. What are the prime factors of d(6)?
7
Suppose -7*y + 277 = 1551. Let w = 29 - y. Suppose w = -3*b + 4*b + z, -3*b + z + 641 = 0. What are the prime factors of b?
3, 71
Let w = -38507 - -58789. List the prime factors of w.
2, 10141
Let a(s) = 4*s**3 - 2*s**2 + 2*s - 1. Let y be a(1). Suppose 5*m - 170 = -h - 4*h, 0 = -3*h + y*m + 90. Let x = h + 0. List the prime factors of x.
2
List the prime factors of 13032/21*469/134.
2, 3, 181
Suppose -2*q + 2*a + 162 = -0*q, 414 = 5*q + 4*a. Let h = q - -49. What are the prime factors of h?
131
Suppose 8*c + 4 = 500. Suppose d = -3*d - 3*h + 55, -5*d + c = -3*h. Suppose -433 = -d*w + 334. List the prime factors of w.
59
Suppose -28*n + 9149 = -8491. What are the prime factors of 10739/9 + (n/81 - 8)?
1193
Let w = 226 + 98. What are the prime factors of 6*7/70 - w/(-10)?
3, 11
List the prime factors of ((-604791)/22)/(8/(-100) - (-134)/(-200)).
2, 3, 41, 149
Suppose -5*b = -1 - 19. Suppose -16*t + 8400 = -b*t. Suppose t = 4*f + 2*u, f - 7*u = -3*u + 193. What are the prime factors of f?
3, 59
Let u = 3407 + 2893. Suppose -13*x = -u - 4724. What are the prime factors of x?
2, 53
Let q(g) = -5*g - 89. Let k be q(-23). Let o(h) = 4*h + 1. Let w be o(4). Let c = k + w. List the prime factors of c.
43
Let d = 646 - 84. Suppose 3*p = p + d. List the prime factors of p.
281
Let p(o) = -8*o**2 - 5*o - 3. Let x(w) = -23*w**2 - 14*w - 9. Let v(u) = 11*p(u) - 4*x(u). Let a be (-85)/30 - (-1)/(-6). What are the prime factors of v(a)?
2, 3
Suppose -9*i + 197 - 8 = 0. Suppose -i*u - 2*u = -36432. List the prime factors of u.
2, 3, 11
Let q be (-66 + 69)/(2/26). Let p be 103/2 - (-1)/(-2). Suppose p = 3*x - q. What are the prime factors of x?
2, 3, 5
Let o(u) = u**3 + 7*u**2 - 19*u - 4. Let v be o(-9). List the prime factors of 3/(15/v)*445.
5, 89
What are the prime factors of 4 + (15/60)/(2/33224) - 6?
7, 593
Let a(y) = -47 + 2*y**2 + 10*y + 13*y - 44. What are the prime factors of a(-20)?
3, 83
Suppose -5*b + b = 112. Suppose -3 = -5*y - 4*r, 8 = -2*y - 25*r + 28*r. What are the prime factors of ((-11)/(-22))/(y/b)?
2, 7
Let b be (-58)/12 - -5 - 10415/(-6). Suppose -8*t = -7208 + b. What are the prime factors of t?
2, 3, 19
Let f(q) = -28*q + 1. Let j be f(-1). Let o = 32 - j. Suppose 0 = -2*u + 3 + 3, -4*l - o*u + 545 = 0. What are the prime factors of l?
2, 67
Let x = 43024 + -26306. List the prime factors of x.
2, 13, 643
Suppose 13 = 5*p - 2. Suppose 260 = b + w, 0 = -b - p*b + 2*w + 1028. Suppose b = 2*i + i. What are the prime factors of i?
2, 43
Let k = -9830 - -33002. What are the prime factors of k?
2, 3, 1931
Suppose -2*d = -2*x + 10136, 9*d - 15216 = -3*x + 6*d. Suppose x + 754 = 14*z. List the prime factors of z.
2, 13
Let d = 47 + -46. Suppose -3*o + 15 = 3*z, -z = -4*o - 6 + d. Suppose 0*g - 5*x - 415 = -z*g, 2*g - 4*x - 172 = 0. List the prime factors of g.
2, 5
Suppose 988 = 9*b - 812. Let s = b - 8. List the prime factors of s.
2, 3
Suppose 59*a - 38295 = -8913. Let l = 417 + -83. Let z = a - l. What are the prime factors of z?
2, 41
Let l(w) = 6*w**2 + 3*w - 3. Let z(g) = 2*g**2 + 10*g - 14. Let h be (-3)/21*-4 + 92/(-14). Let b be z(h). List the prime factors of l(b).
3, 5
Suppose -t = -2*w - 36512 + 8524, w - 5 = 0. What are the prime factors of t?
2, 13999
Let u = 3034 + -1546. Suppose -4*p + u + 412 = 0. What are the prime factors of p?
5, 19
Let w(n) be the third derivative of -n**4/24 + 11*n**3/3 + 22*n**2. Let i be w(19). Suppose -2*f - 42 + 161 = i*q, 2*q + 246 = 4*f. List the prime factors of f.
61
Suppose -2*l - l + 5*h + 29 = 0, 0 = l + h - 7. Suppose -6*t = -4*t + l, -2*u = 5*t - 880. List the prime factors of u.
2, 3, 5
Let w = 173 - 180. List the prime factors of (-2*(w + 12))/(2/(-68)).
2, 5, 17
Let l = -11014 - -32260. List the prime factors of l.
2, 3, 3541
Suppose 2*p - 57 - 97 = 0. Let q(t) = -t**3 - 3*t**2 + 10*t - 8. Let x be q(-6). Let o = p - x. What are the prime factors of o?
37
Suppose 2*x = 3*k - 1814, -3*x = x + 4. What are the prime factors of 5 + k/(5 - 1)?
2, 3, 13
Suppose -2*r = -3*z + 633 - 3119, 5*r - z - 6241 = 0. Suppose r - 4718 = -3*k + i, 2*k - 2304 = 5*i. List the prime factors of k.
13, 89
Let d = -98 - 198. Let t(a) = a**3 - 26*a**2 + 49*a - 223. Let u be t(24). Let r = u - d. What are the prime factors of r?
97
Suppose 0 = -39*u - 38*u + 720566. List the prime factors of u.
2, 4679
Let f(c) = -347*c**3 - 25*c**2 - 128*c - 4. List the prime factors of f(-4).
2, 7, 797
Let q be (2 - (3 - 2))*2472. Let t(f) = 277*f + 286. Let p be t(-1). Suppose p*m - q = -3*m. List the prime factors of m.
2, 103
Suppose -19*w - 3*w + 20*w = -23364. What are the prime factors of w?
2, 3, 11, 59
Suppose -3*g - 13302 = -12*g. What are the prime factors of (g/3 - 2) + (-25)/(-75)?
491
Let n be 3/2*2/3. Let y be ((-213)/2)/(13/(130/(-15))). What are the prime factors of 1 + y + (-3 - n)?
2, 17
Let b = 1457 - 528. Suppose 6*o = b + 463. List the prime factors of o.
2, 29
Let x = 66 - 62. Suppose 5*r - 89 = -x*m - 28, -2*m = -4*r + 28. List the prime factors of ((-9)/(-6))/((r/(-136))/(-3)).
2, 17
Let k = 4730 - 1952. What are the prime factors of k?
2, 3, 463
Let j(k) 